se 57*i - 47*i = c. Calculate h(i).
1
Suppose -36*w - 119 = -37*w. Let i(z) = -49 + z + w - 45 - 40. What is i(6)?
-9
Let t = 3 - -6. Suppose 150*b + 19 = 155*b - 3*y, -2*b - y + 12 = 0. Let g = t - b. Let j(k) = 2*k - 4. What is j(g)?
4
Let q(w) = -w**3 - 2*w**2 + 3*w - 4. Suppose -j = 2*j - 2*a - 8, -2*j = -5*a + 2. Suppose 4*o = -3*f, -5*o + j - 3 = 4*f. What is q(o)?
-4
Suppose 0 = 97*d + 58*d + 155. Let r(u) = -u**2 + 98*u - 98*u. What is r(d)?
-1
Let h(v) = -3*v - 7. Let c = -56 + 94. Suppose -c + 23 = -5*i. Suppose m - 20 = -i*m. Determine h(m).
-22
Let f(i) = -i**2 + 5*i + 3. Let b be f(6). Let s(c) be the second derivative of -2/3*c**3 + 0*c**2 + 0 + 13*c. Calculate s(b).
12
Let r(y) be the second derivative of -y**3 + 8*y + 0 + 1/8*y**4 - 1/2*y**2. Let g(z) be the first derivative of r(z). Determine g(5).
9
Suppose 0 = 495*j + 30*j - 4200. Let i = 2 - 2. Let y(u) = -1 + i + 8*u - 2 - u**2. What is y(j)?
-3
Let x(g) be the second derivative of 7*g**2 - g - 1/12*g**4 + 21 + 5/6*g**3. Determine x(7).
0
Suppose 4*b + 8 = -4*r, -4*r = -6*b + 8*b. Let i(y) = -2*y**2 - 11*y**3 - y - 2*y**r - 4 + 9*y**3 + y**3. Calculate i(-4).
0
Let n(l) be the third derivative of -14*l**2 - 1/3*l**3 + 11/24*l**4 + 0*l - 7. Determine n(2).
20
Let s(o) = -4 + 2 - 3*o + o + 3 - 3*o**2. Let z = 66 - 58. Suppose -5*y - 2 = z. What is s(y)?
-7
Let p(h) = 34*h + 7. Let w be 12*(12 - 219/18). Give p(w).
-61
Let j(g) = 2*g + 44*g**3 + 6 + 11 + 9*g**2 - 75*g**3 + 32*g**3. Determine j(-9).
-1
Let w(d) = d**3 + 11*d**2 - d - 7. Let m = 352 + -345. Suppose -5*p = -5, -2*x - 14 = p + m. Calculate w(x).
4
Suppose -f = 2*t + 2, -5*t + 64*f - 2 = 66*f. Let s(c) = -3*c + 6*c - 4*c - 2*c. Give s(t).
-6
Let d(x) = -x**3 - 8*x**2 + 11*x + 20. Let j(a) = 51*a**2 - 107*a + 1. Let k be j(2). Determine d(k).
2
Let p(x) = -2*x**2 - x + 19. Suppose 6*o - 2*o = -0*o. Calculate p(o).
19
Let d(u) be the first derivative of u**5/20 - u**4/2 + u**3/6 - u**2 - 68*u - 32. Let q(o) be the first derivative of d(o). Calculate q(6).
4
Let p(g) = g**3 + 29*g**2 - 97*g - 31. Let m(r) = -23*r - 101. Let d be m(-3). Give p(d).
1
Let o(g) = -g**3 + 5*g**2 + g + 4. Suppose -1062 = -23*f - 372. Suppose -f = -6*q + q. What is o(q)?
-26
Let z(c) = 2*c**2 + 5*c - 4. Let b(r) be the first derivative of -r**3/3 + 2*r**2 + r - 45. Let k(s) be the first derivative of b(s). Let i be k(4). Give z(i).
8
Let c(g) = 5*g**2 - 2*g - 4 + 5*g**2 + 3. Let z = -666 + 1304. Let i = z + -639. Determine c(i).
11
Let j(s) = 7*s + 2*s**2 + 6 + 0 - s**2. Suppose g = -2*f + 36, 0 = -f - 6*g + 3*g + 8. Suppose -4*d + w - 18 - 11 = 0, 3*d + w + f = 0. What is j(d)?
6
Let k = 4946 + -4908. Let u(d) = -d**3 + 36*d**2 + 76*d - 5. Determine u(k).
-5
Let m be (-22)/2 + 2120/265. Let b(i) = -4*i - 13. Give b(m).
-1
Let t(i) = 5*i**2 + 26*i + 146. Let l(o) = -o**2 - 6*o - 29. Let h(c) = 11*l(c) + 2*t(c). Determine h(-11).
6
Let s(b) be the third derivative of -b**5/60 - 3*b**4/8 - 5*b**3/6 - 6*b**2. Suppose -3*r - 6 = -15. Let x be (8/(-10) - 196/105)*r. Calculate s(x).
3
Let z = 8594 + -8579. Let g(a) = -a**2 + 14*a - 4. Determine g(z).
-19
Suppose -4*r + 18 = -r. Let j(y) = -38*y + 382. Let d be j(10). Let f(t) = 3*t + 9 - 32 + 4 + 6 - d*t. Determine f(r).
-7
Let c(m) be the first derivative of -4*m**3/3 + 7*m**2 - 2*m + 161. Determine c(4).
-10
Let y(n) = n**3 + 9*n**2 + 8*n + 7. Suppose 4*q - 84 = -4*m, 15 = m + 4*q - 9. Suppose 18 = -w - p + 6, -3*p + m = -4*w. Determine y(w).
7
Let g(t) = -2*t**2 - t**3 - 4*t**2 + 7*t**2 + 4 + t - 4*t**2. Let k = 851 + -853. Give g(k).
-2
Let a be -2*2 + 1 + 5. Let w(q) = q**3 + 3*q**2 - 6*q - 5. Let n(b) = 4*b**3 + 7*b**2 - 18*b - 14. Let z(i) = a*n(i) - 7*w(i). Determine z(6).
7
Let f(y) = -y**2 + 3. Let w(k) = -94*k**2 + 7*k - 6 + 197*k**2 - 98*k**2. Let n(o) = 4*f(o) + w(o). Calculate n(-4).
-6
Suppose 28*n = 41*n - 2483. Let o(m) = -191 + m + 2*m**2 + n - m**3. Determine o(2).
2
Let p(m) be the first derivative of -m**3/3 - 9*m**2/2 + 2*m + 3342. Suppose -8*j - 48 = -2*j. Calculate p(j).
10
Suppose -1827*k + 1876*k - 98 = 0. Let t(n) be the third derivative of -n**4/8 + 5*n**3/6 - n**2. Determine t(k).
-1
Let c = -22358 - -22334. Let j(a) = a**2 + 29*a + 54. Determine j(c).
-66
Let g(t) = t**2 + 12*t - 10. Let i(l) = 22*l - 108. Let n be i(-4). Let w = -209 - n. Determine g(w).
3
Let s(o) = -35*o - o + 25*o. Suppose -a = 5*r - 5 - 3, 4*r - 13 = -3*a. Let n be ((5 - 2)/3)/r. What is s(n)?
-11
Let p(s) = -14 + 6 + 8 + 8 - 2 - s**2 + 6*s. Calculate p(8).
-10
Let n(o) = 8*o - 11. Let w(b) = 23*b - 32. Let g(c) = 17*n(c) - 6*w(c). Suppose 12*s - 58 = 86. Let q be 36/(-144) - (-63)/s. Give g(q).
-5
Let q(n) = n**2 - 4*n - 20. Let v be q(7). Let w(b) = 7 + 0 - 5*b + v - 12. What is w(-3)?
11
Suppose 6*w = -l + 4*w + 11, -2*w - 14 = -4*l. Let x(d) = -12*d**2 + 13*d - 1938*d**3 + l - d + 1939*d**3. Give x(11).
16
Let d(g) be the third derivative of g**6/120 - g**5/4 + g**4/24 - 5*g**3/6 + 787*g**2. Determine d(15).
10
Let u be (0 + 0)/(6 + -4). Let p(r) be the third derivative of -r**6/120 - r**5/60 + r**4/12 - r**3/2 + 8*r**2. Give p(u).
-3
Let w(k) = -k + 3*k**2 - 3*k - k**2. Suppose 5*i + 1 = -4*m, 3*i + 454*m = 459*m + 29. Determine w(i).
6
Let b(n) = -6*n**2 - 3. Let u = -13461 - -13459. What is b(u)?
-27
Let t(u) = -8*u - 1. Let d(s) = -2*s**2 + 16*s + 41. Let r = -92 - -216. Let h = 134 - r. Let l be d(h). What is t(l)?
-9
Let f be -7*1/(28/(-8)). Let p(i) = 7 + 4*i - 3 + 9*i**f - 3 + 6 - 10*i**2. What is p(5)?
2
Let c(v) be the second derivative of v**5/20 - v**4/2 + 11*v**3/6 - v**2/2 - 186*v - 6. Calculate c(5).
29
Let c(p) = p**3 - p**2 - 57*p - 122. Let b be c(-6). Let y(f) = -2*f**2 - 66*f - 63. What is y(b)?
1
Suppose 0 = -244*q + 86*q + 3002. Let w(k) = -2*k**2 + 32*k + 109. Calculate w(q).
-5
Let j = -4499 + 4490. Let g(w) = w**3 + 9*w**2 + 2*w + 8. What is g(j)?
-10
Let j be 8 + (-41 - -41 - 7*1). Let b(s) = 32*s**3 - 2*s**2 + 2*s - 1. What is b(j)?
31
Let k(t) = t**2 + 6*t - 9. Suppose 3*q + 2*d - 7 = -1, d - 8 = -4*q. Let n be k(q). Let l(y) = -9 - 2*y**3 + 4 - 4*y**3 + 5*y**3 - 4*y + n*y**2. Determine l(6).
7
Let t(y) = -y - 3*y - 68 + 103 + 6*y - 41 + y**2. Calculate t(-3).
-3
Suppose v - 11*v = -20. Let f(p) = p**2 - p + 11*p**2 + 3*p**v + 16 - 16*p**2. Give f(3).
4
Let h be (36/30)/(36/960). Let p be 4/(-2) - (-26)/(-1). Let k = h + p. Let y(f) = f**3 - 2*f**2 - 6*f + 1. Give y(k).
9
Suppose -235*a - 2*t = -233*a - 6, -2*t = 3*a - 8. Let s(p) = p + 9. Give s(a).
11
Let x(p) = 98811*p**3 - 197621*p**3 + 98811*p**3 - 3*p - 8*p + 12*p**2. Calculate x(-13).
-26
Suppose 300*v - 6079 = -679. Let j(n) = -n**2 + 18*n + 3. Determine j(v).
3
Let b = 5 - 4. Let m be 3 + (-3 - 2) + b. Let w(n) be the second derivative of -5*n**4/12 + n**3/6 - 539*n. What is w(m)?
-6
Let p(b) = b**2 - 9*b - 7 + 14*b - 1. Suppose 39*l = 25*l - 98. Calculate p(l).
6
Let t(s) = -11*s**2 - 18*s + 51. Let j(i) = -20*i**2 - 35*i + 100. Let r(y) = 6*j(y) - 11*t(y). Let c be r(5). Let a(v) = v**3 - 4*v**2 - v - 1. Determine a(c).
-5
Suppose 0*y = -y - k - 39, -3*y = -3*k + 117. Let o(h) = -h**3 - 8*h**2 - 5*h + 4. Let g be o(-6). Let c = g - y. Let d(p) = 9*p**2 + p - 1. Give d(c).
9
Let p = 134420 + -134419. Let s(j) = -4*j**3 - 3*j**2 - 17*j - 14. Let h(u) = -u**3 - u**2 - 6*u - 5. Let v(a) = 17*h(a) - 6*s(a). Give v(p).
7
Let d(w) = -w + 10. Let y be d(-9). Let u = y - 22. Let p(x) = -2*x**2 + 16*x + 9. Let v(t) = 5*t**2 - 45*t - 25. Let i(j) = 11*p(j) + 4*v(j). What is i(u)?
-7
Let u be (-7 - 98/(-42))*(-18)/4. Let w(a) = a**3 + a + 25 - u - 4*a**2 + 2*a - 4*a. Suppose 3*s + 9 = 6*s. Give w(s).
-8
Let h(u) = -4*u**2 + 2*u - 2. Suppose -30*o - 33692 = -33722. Calculate h(o).
-4
Let m(s) = 42*s - 27. Let i be m(7). Let u = i + -260. Let x(y) = -2*y + 8. Give x(u).
-6
Let l be 1296/(-8) + -3*1*-1. Let v = -155 - l. Let m(y) = y - 9. Determine m(v).
-5
Let w be (-66)/(-12)*96/(-22). Let y(f) = -f**2 - 26*f - 49. Give y(w).
-1
Let n(z) = z**3 + 18*z**2 + 17*z - 1. Let f(o) = -o**3 - 17*o**2 - 23*o + 88. Let a be f(-15). Calculate n(a).
-1
Let v(u) = -4*u**2 - 16. Let l(i) = -5*i**2 - i - 18. Let k(m) = 10*m + 195. Let f be k(-20). Let x(y) = f*l(y) + 6*v(y). What is x(-5)?
-6
Let p(y) be the third derivative 